 5/6*l**3 + 1/12*l**4. Suppose 3*m - 6 = -y + 4*m, -12 = 4*m. Determine r(y).
-8
Let c = 63 - 64. Let n(a) = -23*a. Let l(d) = 4*d. Let m(v) = 34*l(v) + 6*n(v). Determine m(c).
2
Let u be 7 - -6*(-2)/6. Suppose 4 = 3*f - u. Let s(i) = i - 4 + f*i - 5*i + 2*i. Give s(3).
-1
Let q(h) = h**2 - 4*h + 4. Let g be q(3). Let w(a) = a**2 - 3*a + 1. Let z be w(g). Let d(s) be the first derivative of -2*s**3 + s**2 + s - 61. Give d(z).
-7
Let w(p) = p**3 + p - 3. Let r be w(2). Suppose -d - 3*x + r = 0, d - 5*x + 30 = 5. Let l(y) = y**2 + 3*y - 2. Give l(d).
8
Let o(m) be the first derivative of -m**3/3 + m**2 + 2*m - 8. Let v(r) = r**2 + 7*r + 10. Let u be v(-4). Calculate o(u).
-6
Let s(v) = 2*v**2 - v**2 - 181*v + 4 + 175*v. Determine s(2).
-4
Let u(d) = -5*d - 2. Let g = -18 + 7. Let v(r) = 2*r + 20. Let k be v(g). What is u(k)?
8
Suppose 2*w - 121 = -9*w. Let a(c) = c**3 - 9*c**2 - 22*c - 7. What is a(w)?
-7
Let g(m) = -4 + 4*m**2 + 1 - 32*m + 15*m + 10*m + m**3 + 5*m. Calculate g(-4).
5
Suppose -2*o + 4*o = 28. Let d = o + -14. Suppose -4*k + 1 = z - d*z, 2*z - 9 = -k. Let v(w) = w**3 - w - 1. What is v(k)?
-1
Suppose -3*n - 1 = -8*i - 5, 5*n + 2*i - 22 = 0. Suppose 2*f - 3*p = -2, -f - 4*f + 5*p = 0. Let y(k) = 1 + k**f + 2 - 7*k + 1. Determine y(n).
-8
Let y(q) = -61 - 9*q + 45 + 13. Calculate y(3).
-30
Let p(y) = y**3 + 5*y**2 - 3*y - 7. Suppose -s = 4*s. Suppose -w = -s*m + m - 9, -21 = -4*m - w. Suppose 3*x = m*x + 5. Give p(x).
8
Let d(o) = 2*o**2 + 0 - 2*o + 0 - 3*o**2. Suppose f - 17 = -3*j, -27*f - j - 1 = -30*f. Determine d(f).
-8
Let g(j) = -3*j**2 + 25*j - 3 - 6 + 2 - 4*j + 1. What is g(7)?
-6
Let s(g) = -g**2 - 14*g - 46. Let q be s(-8). Let k(r) = 55*r + 0*r**q + 12 + r**2 - 55*r. Give k(0).
12
Let p = -2233/12 + 559/3. Let t(d) be the first derivative of 2*d - 3/2*d**2 + d**3 - 3 + p*d**4. Calculate t(-4).
-2
Let u = 164 - 163. Let s(g) = 8*g. Calculate s(u).
8
Suppose -4*r - 24 = -0*r. Let u be 6*r/(-27)*9/(-6). Let y(m) = 2*m**3 + m**2. Calculate y(u).
-12
Let g(y) = -y**2 - 3*y + 23. Let q be g(4). Let v(l) be the first derivative of l**3/3 + 2*l**2 + 5*l - 3. Determine v(q).
10
Let s(p) = -p + 2. Let u be s(-2). Let g(f) be the third derivative of -f**5/30 + f**4/8 + f**3/3 - 129*f**2. Calculate g(u).
-18
Let m(r) = r**2 + 12*r + 3. Suppose 0 = 43*i - 29*i + 154. Determine m(i).
-8
Let m(t) = -t**3 + 2*t**2 + 2*t + 2. Let x(u) = -u**3 - 8*u**2 + 5*u + 43. Let o be x(-8). Determine m(o).
-1
Let n be (56/42)/(2/15). Let j(o) = -2*o**2 + 7*o**2 + 6*o + n - 4*o**2 - 4. Give j(-4).
-2
Let b(m) = 2*m**3 - m**2 + m + 1. Let w(k) = -4*k + 62. Let z be w(20). Let t(c) = -c**2 - 20*c - 37. Let d be t(z). Give b(d).
-3
Let s(h) = -h**2 + h - 2. Let w(v) = -v**3 - 17*v**2 - 15*v + 20. Let m be w(-16). Suppose -3*u - 3 = 2*j, 2*j = m*u + 7 - 3. What is s(j)?
-2
Let r(v) = 7*v + 6. Let t be (3 + 3 + -5)/((-1)/(-4)). Give r(t).
34
Let u be -2*((-35)/10)/1. Let a(w) = 6*w**2 - 5*w - u*w**2 + 3*w. Determine a(-3).
-3
Let h = 299 - 302. Let g(s) = -4*s - 5. Let r(x) = 5*x + 6. Let w(b) = 4*g(b) + 3*r(b). Give w(h).
1
Let c(i) = i**2 + 7*i - 13. Let z be 6*-1*(1 - 15/9). Let f(x) = -x**3 + 2*x**2 + 5*x + 3. Let y be f(z). What is c(y)?
5
Let z(j) = -j**3 + 8*j**2 - j + 14. Let x = -640 - -648. What is z(x)?
6
Let r = -430 + 430. Let d(f) = f**3 - f - 26. Determine d(r).
-26
Suppose 5*d - 5 - 10 = 0, 2*d + 14 = 5*q. Let a(y) be the first derivative of y**4/4 - 2*y**3/3 - 3*y**2 + 6*y + 2. What is a(q)?
14
Let z(r) = 9 + 0 - 4*r + 4 - 6. Give z(5).
-13
Let s = -17 - -17. Suppose -h + 3*h + 42 = s. Let v = -18 - h. Let z(r) = -r**3 + r**2 + 5*r - 2. Calculate z(v).
-5
Let q(d) be the second derivative of -13*d**3/6 - d**2 + 154*d. Determine q(-3).
37
Let m(h) = h + 8. Suppose 10*v - 9*v - 4*n = -9, 0 = -5*v + 3*n - 28. Give m(v).
3
Let z(g) = -g**2 + 3*g + 4. Let l = -500 + 505. Give z(l).
-6
Let w(z) = -z**3 + 5*z**2 - 6*z + 7. Let l be w(4). Let y(q) = 12*q**2 + 1 - 16*q**2 + 0*q + 2*q. Calculate y(l).
-5
Let d(v) = v**2 + v + 1. Let x(z) = 17*z - z**2 + 0*z**2 + 16 + 21. Let q be x(19). Determine d(q).
1
Let s be (-6 - -2)*(-4 + 8 + -2). Let u(h) = -h**2 - 10*h + 10. Determine u(s).
26
Let j(d) = 3*d + 6. Let a be j(7). Let n be (a/21 - (-8)/(-28))/1. Let i(w) = -8*w**2 + w - 1. Give i(n).
-8
Let w(a) = 4*a**2 - 9*a - 2. Let h(i) = 5*i**2 - 10*i - 3. Let q(n) = -5*h(n) + 6*w(n). Let r = -2622 - -2619. Give q(r).
6
Let d(s) = s**3 - 19*s**2 + 19*s + 2. Let b be d(18). Suppose 24 - b = -q. Let n(i) = i**2 + 6*i + 3. Determine n(q).
-5
Let u be (-2 - 2) + (-32)/(-8). Suppose -5*i = -5*m - 30, m + 3*m + 4*i - 16 = u. Let t(y) = -y**2 + y - 1. Let x be t(m). Let q(s) = s - 4. Determine q(x).
-7
Suppose 9 = 4*p - 27. Suppose -i + 2*q = -5*i - 12, -3*q - p = 3*i. Let s(j) = -2*j**2 - 55 + 106 - 3*j + 4*j - 55 - j**3. What is s(i)?
2
Let r(m) = -3*m**2 - 6*m + 7. Let k = -15 - -17. Let z(c) = 16*c**2 + 31*c - 36. Let f(w) = k*z(w) + 11*r(w). Calculate f(-4).
5
Let k(q) = -q - 4 + 4*q + 0*q + 4*q**2 - 3*q**2. Let b be (-2)/(-2)*9*1/(-3). Determine k(b).
-4
Let u(w) be the second derivative of -w**3/6 - w**2/2 + 78*w. What is u(-4)?
3
Let w(q) = -q**2 + 10*q + 29. Let x be w(13). Let b(f) = -f - 12. Let i be b(x). Let a(s) = -6*s**2 - 3*s - 3. What is a(i)?
-21
Suppose 62 = 2*q + 3*k, 2*q - k + 14 - 60 = 0. Let j = 19 - q. Let b(y) = -y - 7. What is b(j)?
-1
Suppose -3*j - 41 = 1. Let l(m) be the first derivative of -m**3/3 - 7*m**2 + 7*m - 6. Give l(j).
7
Let s(m) = 3*m + 7 - 2*m - 8. Let y be 4 - 1 - (-7 + 23). Let f = y - -18. Determine s(f).
4
Let x(b) = b - 1. Let a(l) = -5*l + 8. Let s be 0/(-1) - (8 - 7). Let o(g) = s*a(g) - 4*x(g). Give o(6).
2
Let h(n) = n**3 - 5*n**2 + 9*n - 25. Let o be h(4). Let b(k) = 1 - 2*k + k + 3*k. Give b(o).
-9
Let b(c) = -c**3 - 10*c**2 + 11*c - 4. Let v be b(-11). Let f(h) = 12*h + 5. Give f(v).
-43
Let u(c) = 2 + 4*c**2 - 7*c + 0 + 2*c + c**3. Let f(p) = 5*p + 8. Let g be f(-4). Let r be (1 - g/(-2))/1. Give u(r).
2
Let n(r) be the third derivative of -r**5/60 + r**4/24 - r**3/6 - r**2. Suppose -3*y = -8*y - 35. Let h be (y/14)/((-1)/(-4)). What is n(h)?
-7
Let r(d) = 3*d**2 + 5*d + 9. Let f be r(-2). Let z(o) = f*o**2 + 5*o**2 + o**2 - 6*o**2. Give z(1).
11
Let b(c) = c**2 - 12*c + 1. Suppose -3*x - 27 = -2*f, -4*x = -3*f + 4*f + 3. Determine b(f).
-26
Let g(x) be the third derivative of x**6/120 + x**5/60 + 5*x**4/24 + 7*x**3/6 + 286*x**2. What is g(-3)?
-26
Let i(l) = -l + 4. Let r be i(0). Suppose 5*b - 13 = r*v, 3*b - 2*v = 6*b + 1. Let y(h) = 3*h - 6*h + 0*h - b. Calculate y(-4).
11
Let p(d) be the third derivative of d**5/60 - 2*d**2. Let l = -310 - -197. Let h = l + 113. Determine p(h).
0
Let s(y) be the first derivative of -1 - 7/2*y**2 - 1/12*y**4 + 1/20*y**5 - 5*y + 0*y**3. Let k(z) be the first derivative of s(z). Give k(0).
-7
Suppose 4*i + 2*c + 20 = i, 2*c + 26 = -4*i. Let k(u) be the third derivative of -1/60*u**5 + 7*u**2 - 7/24*u**4 + 0 + 0*u**3 + 0*u. Give k(i).
6
Let l(r) be the second derivative of -1/2*r**2 + 0 - 2*r - 1/6*r**3. Give l(2).
-3
Let y(w) = w**3 + 6*w**2 - 3*w + 5. Let s(f) = 4*f**2 - 102*f + 45. Let p be s(25). Determine y(p).
45
Suppose 9*h - 20 = 5*h. Let a(z) = z**3 - 13*z**2 + 4*z + 3. Let j(n) = -n**3 + 12*n**2 - 4*n - 4. Let l(x) = h*j(x) + 4*a(x). Let o = -33 - -40. What is l(o)?
13
Let n(c) = -2*c**2 - 2*c + 1. Let z(j) = -j**3 + j. Let w(x) = -n(x) - 2*z(x). Give w(-1).
-1
Let h(v) be the third derivative of -v**5/60 + v**4/8 - 5*v**3/6 - 40*v**2 + 1. What is h(4)?
-9
Let v(c) = -c**2 - 3*c. Let o(d) = 2*d**2 + 13*d + 2. Let r(n) = -o(n) - 3*v(n). Suppose w + 0*w = -1. Let z = 4 - w. Calculate r(z).
3
Let m(h) be the first derivative of -h**3/3 - 5*h**2/2 - 20*h - 28. Let w(q) be the first derivative of m(q). Give w(-4).
3
Let a(b) be the second derivative of -b**3/6 + 423*b. Suppose -2*s - 1 = 2*r + 3*r, 0 = 2*s - 4. Determine a(r).
1
Suppose 2*k + 1 = u, -2*k + k = 5*u - 16. Let f(b) = b**3 - b**2 - b. Let j(z) = -5*z**3 + 5*z**2 + 6*z + 4. Let d(i) = k*j(i) + 6*f(i). Determine d(0).
4
Suppose 4*n = -o + 6, 4*n - 2 = -2*o + 10. Let b(w) = -3*w + 1. Give b(o).
-17
Suppose 0 = 3*k - 3*j - 141, -2*k + k = 2*j - 41. Let m = k + -54. Let r(t) = -t**2 - 7*t + 11. What is r(